 multiple of 11?
True
Is 117 a factor of 6201?
True
Is 15 a multiple of 5?
True
Does 70 divide 679?
False
Is 11 a factor of 304?
False
Is 304 a factor of 49856?
True
Is 820 a multiple of 41?
True
Is 13 a factor of 543?
False
Is 33 a factor of 1738?
False
Is 2085 a multiple of 3?
True
Is 477 a multiple of 11?
False
Is 68103 a multiple of 207?
True
Does 10 divide 299?
False
Is 48 a factor of 44304?
True
Is 2126 a multiple of 69?
False
Does 4 divide 4054?
False
Is 110 a factor of 8050?
False
Is 61955 a multiple of 14?
False
Is 300 a multiple of 22?
False
Does 22 divide 24992?
True
Is 18 a factor of 17343?
False
Does 39 divide 17823?
True
Is 4007 a multiple of 17?
False
Is 2417 a multiple of 6?
False
Is 8288 a multiple of 82?
False
Is 2232 a multiple of 24?
True
Does 22 divide 4114?
True
Is 25 a factor of 1800?
True
Does 10 divide 66419?
False
Does 39 divide 1022?
False
Is 89 a factor of 8277?
True
Is 73440 a multiple of 35?
False
Is 7 a factor of 5117?
True
Is 57 a factor of 3496?
False
Is 5355 a multiple of 17?
True
Is 32 a factor of 640?
True
Is 2 a factor of 2933?
False
Is 68007 a multiple of 200?
False
Is 6 a multiple of 6?
True
Is 714 a multiple of 3?
True
Is 12 a factor of 210?
False
Is 496 a multiple of 31?
True
Is 4032 a multiple of 12?
True
Is 3744 a multiple of 8?
True
Is 12348 a multiple of 36?
True
Is 8 a factor of 1102?
False
Does 20 divide 96620?
True
Is 4179 a multiple of 31?
False
Does 39 divide 6396?
True
Does 85 divide 1683?
False
Is 2099 a multiple of 124?
False
Does 12 divide 3638?
False
Does 28 divide 1071?
False
Does 8 divide 65053?
False
Is 3 a factor of 1563?
True
Is 103 a factor of 3914?
True
Does 112 divide 672?
True
Is 61 a factor of 1281?
True
Does 6 divide 410?
False
Is 18 a factor of 84347?
False
Is 365 a factor of 21900?
True
Is 10 a factor of 2080?
True
Is 9130 a multiple of 83?
True
Is 600 a multiple of 25?
True
Is 19445 a multiple of 99?
False
Does 9 divide 738?
True
Is 50328 a multiple of 36?
True
Does 18 divide 4878?
True
Does 4 divide 367?
False
Is 28372 a multiple of 41?
True
Is 172 a factor of 35432?
True
Is 18 a factor of 1098?
True
Is 106 a factor of 6784?
True
Is 210 a factor of 5965?
False
Is 1859 a multiple of 11?
True
Does 60 divide 823?
False
Does 4 divide 286?
False
Is 567 a multiple of 81?
True
Does 109 divide 109?
True
Is 6318 a multiple of 81?
True
Does 80 divide 11248?
False
Does 26 divide 2990?
True
Does 55 divide 9341?
False
Is 80 a factor of 1583?
False
Does 30 divide 4440?
True
Is 14 a factor of 139?
False
Does 118 divide 21014?
False
Does 8 divide 120?
True
Does 13 divide 52?
True
Is 98 a factor of 3716?
False
Is 944 a multiple of 16?
True
Does 57 divide 2094?
False
Is 32694 a multiple of 14?
False
Does 82 divide 114588?
False
Is 72 a factor of 807?
False
Is 58 a factor of 116?
True
Does 4 divide 1723?
False
Is 6 a factor of 2040?
True
Is 3 a factor of 1275?
True
Is 14 a factor of 196?
True
Is 24 a factor of 4296?
True
Is 1728 a multiple of 14?
False
Is 1452 a multiple of 44?
True
Is 21 a factor of 138?
False
Is 21 a factor of 18546?
False
Is 3395 a multiple of 97?
True
Is 7257 a multiple of 41?
True
Is 20922 a multiple of 167?
False
Does 190 divide 36670?
True
Is 17040 a multiple of 12?
True
Is 86 a factor of 3870?
True
Does 27 divide 405?
True
Does 23 divide 43768?
False
Does 79 divide 1918?
False
Does 28 divide 7571?
False
Does 44 divide 49423?
False
Is 5 a factor of 3993?
False
Is 9 a factor of 611?
False
Does 11 divide 501?
False
Is 345 even?
False
Is 12 a factor of 14914?
False
Does 57 divide 855?
True
Does 2 divide 291?
False
Is 13113 a multiple of 47?
True
Is 40 a multiple of 9?
False
Is 98 a multiple of 2?
True
Is 222 a multiple of 6?
True
Is 9065 a multiple of 144?
False
Is 3519 a multiple of 17?
True
Is 30 a factor of 3618?
False
Is 7728 a multiple of 3?
True
Is 6 a factor of 41218?
False
Is 105 a factor of 3150?
True
Does 50 divide 100?
True
Does 17 divide 19057?
True
Is 97 a multiple of 6?
False
Is 82044 a multiple of 80?
False
Is 8343 a multiple of 19?
False
Is 14 a factor of 604?
False
Does 8 divide 584?
True
Is 709 a multiple of 20?
False
Is 4732 a multiple of 26?
True
Does 6 divide 942?
True
Is 91 a factor of 30361?
False
Does 31 divide 660?
False
Does 20 divide 118638?
False
Does 29 divide 29?
True
Is 59 a multiple of 19?
False
Is 14 a factor of 46608?
False
Is 10280 a multiple of 10?
True
Does 26 divide 2444?
True
Does 93 divide 2225?
False
Is 289 a multiple of 2?
False
Is 19 a factor of 7619?
True
Does 217 divide 82614?
False
Is 23 a multiple of 11?
False
Is 85 a factor of 99264?
False
Is 37224 a multiple of 156?
False
Does 51 divide 101?
False
Is 101 a factor of 17271?
True
Is 613 a multiple of 110?
False
Does 192 divide 384?
True
Is 3851 a multiple of 75?
False
Is 37277 a multiple of 15?
False
Does 7 divide 36057?
True
Does 17 divide 3842?
True
Is 1380 a multiple of 69?
True
Does 124 divide 132909?
False
Is 144 a multiple of 2?
True
Does 31 divide 3689?
True
Is 6 a factor of 138?
True
Is 31768 a multiple of 29?
False
Does 135 divide 21195?
True
Is 1360 a multiple of 80?
True
Is 5 a factor of 205?
True
Does 16 divide 62053?
False
Does 3 divide 468?
True
Does 75 divide 27300?
True
Does 9 divide 2583?
True
Is 412 a multiple of 43?
False
Does 20 divide 820?
True
Is 20 a factor of 52721?
False
Is 10 a factor of 321?
False
Is 8 a factor of 27446?
False
Is 3766 a multiple of 54?
False
Is 40 a factor of 1680?
True
Is 79 a factor of 8295?
True
Does 15 divide 6120?
True
Is 4 a factor of 268?
True
Is 309 a multiple of 103?
True
Is 696 a multiple of 6?
True
Is 10 a factor of 15110?
True
Is 102 a factor of 1420?
False
Is 45 a factor of 1167?
False
Is 66 a multiple of 34?
False
Is 59 a factor of 17228?
True
Is 3082 a multiple of 67?
True
Is 10 a factor of 3800?
True
Does 12 divide 51834?
False
Is 15526 a multiple of 57?
False
Does 42 divide 5769?
False
Is 2069 a multiple of 11?
False
Is 3 a factor of 655?
False
Does 88 divide 166?
False
Is 6318 a multiple of 39?
True
Is 23 a factor of 276?
True
Is 16 a factor of 560?
True
Is 236 a factor of 4484?
True
Does 63 divide 429?
False
Does 71 divide 1207?
True
Is 11 a factor of 7216?
True
Is 10 a factor of 900?
True
Is 83 a factor of 5758?
False
Is 1754 a multiple of 112?
False
Does 25 divide 23126?
False
Is 13 a factor of 806?
True
Is 21 a factor of 1113?
True
Does 75 divide 3975?
True
Is 5 a factor of 8565?
True
Is 94758 a multiple of 16?
False
Is 3 a factor of 344?
False
Does 66 divide 5808?
True
Is 2240 a multiple of 28?
True
Is 124117 a multiple of 49?
True
Is 261 a factor of 34713?
True
Is 152 a multiple of 2?
True
Does 7 divide 224?
True
Is 2291 a multiple of 13?
False
Is 1092 a multiple of 21?
True
Does 43 divide 13846?
True
Does 55 divide 339?
False
Is 1512 a multiple of 8?
True
Is 4619 a multiple of 31?
True
Does 30 divide 62255?
False
Is 44 a factor of 3282?
False
Is 61176 a multiple of 85?
False
Does 96 divide 47175?
False
Does 5 divide 5502?
False
Is 15451 a multiple of 14?
False
Is 10 a factor of 627?
False
Is 6 a factor of 246?
True
Does 120 divide 62307?
False
Is 36 a factor of 6488?
False
Does 24 divide 575?
False
Is 667 a multiple of 19?
False
Is 4 a factor of 670?
False
Is 176276 a multiple of 13?
False
Is 142 a factor of 2818?
False
Does 170 divide 20230?
True
Is 2207 a multiple of 30?
False
Is 19000 a multiple of 76?
True
Is 7 a factor of 406?
True
Does 46 divide 7732?
False
Does 18 divide 996?
False
Is 5 a factor of 734?
False
Is 325 a factor of 46800?
True
Is 14 a factor of 10267?
False
Does 15 divide 36390?
True
Does 26 divide 1703?
False
Is 6 a factor of 2298?
True
Is 341 a multiple of 5?
False
Is 180 a factor of 847?
False
Does 14 divide 1288?
True
Is 14355 a multiple of 99?
True
Is 444 a multiple of 45?
False
Is 7140 a multiple of 102?
True
Is 237 a factor of 25359?
True
Does 13 divide 32285?
False
Does 9 divide 8766?
True
Does 14 divide 1134?
True
Is 818 a multiple of 6?
False
Does 4 divide 138?
False
Does 194 divide 194?
True
Is 16 a factor of 672?
True
Is 33630 a multiple of 7?
False
Is 13272 a multiple of 24?
True
Is 11 a factor of 3665?
False
Does 31 divide 31?
True
Is 54 a factor of 3630?
False
Is 20 a factor of 3677?
False
Is 1498 a multiple of 28?
False
Is 8 a factor of 64?
True
Does 34 divide 1530?
Tr